{"id":65,"date":"2022-06-11T22:38:31","date_gmt":"2022-06-11T21:38:31","guid":{"rendered":"https:\/\/safewheels.wordifysites.com\/?page_id=65"},"modified":"2024-02-15T22:48:45","modified_gmt":"2024-02-15T19:48:45","slug":"hakkimizda","status":"publish","type":"page","link":"https:\/\/ozencotokurtarma.com\/index.php\/hakkimizda\/","title":{"rendered":"Hakk\u0131m\u0131zda"},"content":{"rendered":"<section class=\"gb-container gb-container-e825e6aa\">\n<div class=\"gb-grid-wrapper gb-grid-wrapper-5f10a85d\">\n<div class=\"gb-grid-column gb-grid-column-74ee1f9f\"><div class=\"gb-container gb-container-74ee1f9f hide-on-mobile\"><\/div><\/div>\n\n<div class=\"gb-grid-column gb-grid-column-0f079b28\"><div class=\"gb-container gb-container-0f079b28\">\n<div class=\"gb-container gb-container-a37de731\"><\/div>\n\n\n<figure class=\"gb-block-image gb-block-image-0ef65290\"><img loading=\"lazy\" decoding=\"async\" width=\"1200\" height=\"1600\" class=\"gb-image gb-image-0ef65290\" src=\"https:\/\/ozencotokurtarma.com\/wp-content\/uploads\/2024\/02\/mudanya-ozenc-oto-kurtarma-1.jpg\" alt=\"Mudanya \u00d6zen\u00e7 Oto Kurtarma\" title=\"mudanya-ozenc-oto-kurtarma-1\" srcset=\"https:\/\/ozencotokurtarma.com\/wp-content\/uploads\/2024\/02\/mudanya-ozenc-oto-kurtarma-1.jpg 1200w, https:\/\/ozencotokurtarma.com\/wp-content\/uploads\/2024\/02\/mudanya-ozenc-oto-kurtarma-1-225x300.jpg 225w, https:\/\/ozencotokurtarma.com\/wp-content\/uploads\/2024\/02\/mudanya-ozenc-oto-kurtarma-1-768x1024.jpg 768w, https:\/\/ozencotokurtarma.com\/wp-content\/uploads\/2024\/02\/mudanya-ozenc-oto-kurtarma-1-1152x1536.jpg 1152w\" sizes=\"auto, (max-width: 1200px) 100vw, 1200px\" \/><\/figure>\n\n<\/div><\/div>\n\n<div class=\"gb-grid-column gb-grid-column-d78d5a9a\"><div class=\"gb-container gb-container-d78d5a9a\">\n\n<h2 class=\"gb-headline gb-headline-077e2115\"><span class=\"gb-icon\"><svg aria-hidden=\"true\" role=\"img\" height=\"1em\" width=\"1em\" viewBox=\"0 0 256 512\" xmlns=\"http:\/\/www.w3.org\/2000\/svg\"><path fill=\"currentColor\" d=\"M224.3 273l-136 136c-9.4 9.4-24.6 9.4-33.9 0l-22.6-22.6c-9.4-9.4-9.4-24.6 0-33.9l96.4-96.4-96.4-96.4c-9.4-9.4-9.4-24.6 0-33.9L54.3 103c9.4-9.4 24.6-9.4 33.9 0l136 136c9.5 9.4 9.5 24.6.1 34z\"><\/path><\/svg><\/span><span class=\"gb-headline-text\">\u00d6zen\u00e7 Oto Kurtarma Hakk\u0131nda<\/span><\/h2>\n\n\n\n<h2 class=\"gb-headline gb-headline-c766be8d gb-headline-text\">\u00d6zen\u00e7 Oto Kurtarma<\/h2>\n\n\n\n<p><a href=\"https:\/\/ozencotokurtarma.com\/\">\u00d6zen\u00e7 Oto Kurtarma<\/a>, \u0130stanbul merkezli bir oto kurtarma ve \u00e7ekici hizmetleri firmas\u0131d\u0131r. Profesyonel ekip ve geni\u015f ara\u00e7 filosuyla 7\/24 hizmet sunmaktad\u0131r. Arac\u0131n\u0131z\u0131n yol kenar\u0131nda veya herhangi bir lokasyonda ya\u015fad\u0131\u011f\u0131 ar\u0131za, kaza veya acil durumlarda h\u0131zl\u0131, g\u00fcvenilir ve etkili \u00e7\u00f6z\u00fcmler sunuyoruz.<\/p>\n\n\n\n<p>M\u00fc\u015fteri memnuniyetini \u00f6n planda tutan anlay\u0131\u015f\u0131m\u0131zla, her zaman en kaliteli hizmeti sunmay\u0131 hedefliyoruz. E\u011fitimli ve deneyimli personelimiz, m\u00fc\u015fterilerimizin ihtiya\u00e7lar\u0131na an\u0131nda cevap verirken, ara\u00e7lar\u0131m\u0131z son teknolojiyle donat\u0131lm\u0131\u015ft\u0131r ve her t\u00fcrl\u00fc oto kurtarma operasyonunu sorunsuz bir \u015fekilde ger\u00e7ekle\u015ftirecek kapasitededir.<\/p>\n\n\n\n<p>\u00d6zen\u00e7 Oto Kurtarma olarak, m\u00fc\u015fterilerimizin g\u00fcvenini kazanmak i\u00e7in \u00e7al\u0131\u015f\u0131yoruz ve her zaman zaman\u0131nda, profesyonel ve uygun fiyatl\u0131 hizmet sunmaya odaklan\u0131yoruz. Acil durumlarda yan\u0131n\u0131zda oldu\u011fumuzu unutmay\u0131n; \u00e7\u00fcnk\u00fc bizim i\u00e7in sizin g\u00fcvenli\u011finiz ve memnuniyetiniz her \u015feyden \u00f6nemlidir.<\/p>\n\n\n\n<p>Hizmetlerimiz hakk\u0131nda daha fazla bilgi almak veya acil bir durumda bize ula\u015fmak i\u00e7in bizimle ileti\u015fime ge\u00e7mekten \u00e7ekinmeyin. \u00d6zen\u00e7 Oto Kurtarma, ara\u00e7lar\u0131n\u0131z\u0131n g\u00fcvenli\u011fini ve konforunu sa\u011flamak i\u00e7in burada!<\/p>\n\n\n\n<a class=\"gb-button gb-button-751d2100\" href=\"tel:05059199597\"><span class=\"gb-button-text\">Hemen \u0130leti\u015fime Ge\u00e7<\/span><span class=\"gb-icon\"><svg aria-hidden=\"true\" role=\"img\" height=\"1em\" width=\"1em\" viewBox=\"0 0 256 512\" xmlns=\"http:\/\/www.w3.org\/2000\/svg\"><path fill=\"currentColor\" d=\"M224.3 273l-136 136c-9.4 9.4-24.6 9.4-33.9 0l-22.6-22.6c-9.4-9.4-9.4-24.6 0-33.9l96.4-96.4-96.4-96.4c-9.4-9.4-9.4-24.6 0-33.9L54.3 103c9.4-9.4 24.6-9.4 33.9 0l136 136c9.5 9.4 9.5 24.6.1 34z\"><\/path><\/svg><\/span><\/a>\n\n\n<div class=\"gb-container gb-container-325d9e7c\">\n\n<div class=\"gb-headline gb-headline-6165337e\"><span class=\"gb-icon\"><svg xmlns=\"http:\/\/www.w3.org\/2000\/svg\" xml:space=\"preserve\" style=\"enable-background:new 0 0 460.384 460.384\" viewBox=\"0 0 460.384 460.384\"><path d=\"M95.252 283.11c-13.807 0-25.039 11.232-25.039 25.039s11.232 25.039 25.039 25.039 25.039-11.233 25.039-25.039-11.232-25.039-25.039-25.039zm0 35.078c-5.536 0-10.039-4.504-10.039-10.039s4.503-10.039 10.039-10.039 10.039 4.503 10.039 10.039-4.503 10.039-10.039 10.039zM357.012 283.11c-13.807 0-25.04 11.232-25.04 25.039s11.233 25.039 25.04 25.039c13.806 0 25.038-11.233 25.038-25.039s-11.232-25.039-25.038-25.039zm0 35.078c-5.536 0-10.04-4.504-10.04-10.039s4.504-10.039 10.04-10.039c5.535 0 10.038 4.503 10.038 10.039s-4.503 10.039-10.038 10.039z\"><\/path><path d=\"m409.227 196.421-66.917-7.645-35.714-58.056c-10.905-17.728-30.61-28.741-51.424-28.741H133.676c-34.925 0-65.792 23.518-75.063 57.193l-.948 3.445c-4.607 16.733-17.845 30.052-34.549 34.762C9.506 201.217 0 213.773 0 227.914v83.012a7.5 7.5 0 0 0 7.5 7.5h38.557c4.757 22.798 25.006 39.978 49.195 39.978s44.438-17.18 49.195-39.978h163.37c4.757 22.798 25.006 39.978 49.195 39.978s44.438-17.18 49.195-39.978h40.477a7.5 7.5 0 0 0 7.452-6.65l5.874-51.483c3.604-31.603-19.176-60.256-50.783-63.872zM15 294.313h31.949a49.96 49.96 0 0 0-1.724 9.113H15v-9.113zm80.252 49.091c-19.44 0-35.255-15.815-35.255-35.255s15.815-35.256 35.255-35.256 35.255 15.816 35.255 35.256-15.815 35.255-35.255 35.255zm261.76 0c-19.44 0-35.255-15.815-35.255-35.255s15.815-35.256 35.255-35.256 35.255 15.816 35.255 35.256-15.815 35.255-35.255 35.255zm0-85.511c-16.987 0-32.021 8.48-41.122 21.42H182.425a7.5 7.5 0 0 0 0 15h126.284a49.96 49.96 0 0 0-1.724 9.113H145.279c-2.389-25.504-23.909-45.533-50.027-45.533-16.987 0-32.021 8.48-41.122 21.42H15v-51.399c0-7.455 5.012-14.075 12.187-16.098 21.728-6.126 38.947-23.452 44.94-45.218l.948-3.445c7.484-27.186 32.405-46.174 60.601-46.174h121.496c15.643 0 30.452 8.277 38.647 21.6l37.626 61.164a7.503 7.503 0 0 0 5.537 3.522l70.541 8.059c16.002 1.831 28.943 12.335 34.67 26.276H418.78a7.5 7.5 0 0 0 0 15h26.578a42.894 42.894 0 0 1-.253 5.993l-2.364 20.72h-44.608c-9.1-12.94-24.135-21.42-41.121-21.42zm50.026 45.533a49.876 49.876 0 0 0-1.724-9.113h35.716l-1.04 9.113h-32.952z\"><\/path><path d=\"M255.565 215.222h-15.76a7.5 7.5 0 0 0 0 15h15.76a7.5 7.5 0 0 0 0-15zM154.846 222.722a7.5 7.5 0 0 0-7.5-7.5h-15.76a7.5 7.5 0 0 0 0 15h15.76a7.5 7.5 0 0 0 7.5-7.5zM164.136 283.941c-1.314-3.113-4.658-5.069-8.025-4.546a7.58 7.58 0 0 0-6.213 5.776c-1.496 6.51 6.051 11.564 11.54 7.829 2.905-1.976 4.038-5.814 2.698-9.059-.19-.45.19.46 0 0zM286.014 143.391c-6.531-10.637-18.348-17.245-30.841-17.245h-121.5c-24.087 0-45.371 16.217-51.761 39.443l-.943 3.438c-2.468 8.956-6.268 24.34-6.429 24.991a7.501 7.501 0 0 0 7.281 9.298h227.64a7.499 7.499 0 0 0 6.388-11.43l-29.835-48.495zm-86.662-2.246v47.169h-69.054v-47.018a38.526 38.526 0 0 1 3.375-.151h65.679zm-103.92 31.857.944-3.441c2.86-10.395 9.865-18.839 18.922-23.747v42.499H91.432c1.265-4.992 2.81-10.99 4-15.311zm118.92 15.312v-47.169h40.821c7.316 0 14.235 3.868 18.062 10.1l22.807 37.069h-81.69z\"><\/path><\/svg><\/span><\/div>\n\n\n\n<div class=\"gb-headline gb-headline-f8ecec42\"><span class=\"gb-icon\"><svg xmlns=\"http:\/\/www.w3.org\/2000\/svg\" xml:space=\"preserve\" style=\"enable-background:new 0 0 476.934 476.934\" viewBox=\"0 0 476.934 476.934\"><path d=\"M146.108 308.141c0-40.282-32.772-73.055-73.054-73.055C32.772 235.085 0 267.857 0 308.141c0 40.281 32.772 73.053 73.054 73.053 40.282-.001 73.054-32.772 73.054-73.053zm-73.054 47.052C47.109 355.193 26 334.086 26 308.141c0-25.946 21.108-47.055 47.054-47.055s47.054 21.107 47.054 47.055c0 25.945-21.108 47.052-47.054 47.052z\"><\/path><path d=\"M403.879 232.585a72.659 72.659 0 0 0-28.448 5.768l-20.231-31.43c8.572-7.838 14.901-13.465 16.925-14.947a12.497 12.497 0 0 0 6.029-10.695v-39.416a12.498 12.498 0 0 0-17.718-11.358l-41.646 19.132-34.525-48.634a12.498 12.498 0 0 0-10.193-5.265h-30.304c-6.903 0-12.5 5.597-12.5 12.5s5.597 12.5 12.5 12.5h23.849l28.056 39.52-58.94 27.076-56.633-37.354a12.506 12.506 0 0 0-4.917-1.91L75.02 132.117a12.52 12.52 0 0 0-10.08 2.836 12.502 12.502 0 0 0-4.386 9.509v25.598a12.5 12.5 0 0 0 4.897 9.922l71.225 54.574 44.268 91.92a12.499 12.499 0 0 0 11.262 7.076h88.379c9.341 0 10.772-4.43 11.508-6.918.679-2.301 22.418-81.808 22.418-81.808a4446.516 4446.516 0 0 1 22.045-20.678l17.878 27.771c-14.502 13.359-23.607 32.494-23.607 53.719 0 40.281 32.771 73.054 73.054 73.054s73.054-32.771 73.054-73.054c-.002-40.28-32.774-73.053-73.056-73.053zm-31.901-40.522c-.202.124-.377.214-.514.285.174-.091.346-.187.514-.285zM200.06 308.553l-21.217-44.055 62.363 44.055H200.06zm153.094-133.225c-14.298 12.057-45.227 41.311-58.357 53.732a12.501 12.501 0 0 0-3.462 5.764l-18.099 65.747-119.182-84.194-68.5-52.487v-4.779l83.032 13.225 60.172 39.69a12.494 12.494 0 0 0 12.102.924l112.295-51.587v13.965zm50.725 177.365c-25.945 0-47.054-21.107-47.054-47.053 0-12.035 4.547-23.023 12.005-31.354l24.538 38.118a12.49 12.49 0 0 0 17.275 3.745c5.804-3.737 7.481-11.472 3.745-17.276l-24.556-38.146a46.878 46.878 0 0 1 14.045-2.143c25.946 0 47.054 21.108 47.054 47.055.002 25.947-21.106 47.054-47.052 47.054z\"><\/path><\/svg><\/span><\/div>\n\n\n\n<div class=\"gb-headline gb-headline-8aac4e55\"><span class=\"gb-icon\"><svg xmlns=\"http:\/\/www.w3.org\/2000\/svg\" xml:space=\"preserve\" style=\"enable-background:new 0 0 239 239\" viewBox=\"0 0 239 239\"><path d=\"m235.91 117.885-26.319-19.132-36.961-45.007a7.5 7.5 0 0 0-5.796-2.74H7.5a7.5 7.5 0 0 0-7.5 7.5v106.779a7.5 7.5 0 0 0 7.5 7.5h19.736c3.105 8.846 11.536 15.209 21.43 15.209s18.325-6.363 21.43-15.209h96.141c3.105 8.846 11.536 15.209 21.43 15.209s18.325-6.363 21.43-15.209H231.5a7.5 7.5 0 0 0 7.5-7.5v-41.334a7.5 7.5 0 0 0-3.09-6.066zM48.666 172.994c-4.251 0-7.709-3.458-7.709-7.709s3.458-7.709 7.709-7.709 7.709 3.458 7.709 7.709-3.458 7.709-7.709 7.709zm139.001 0c-4.251 0-7.709-3.458-7.709-7.709s3.458-7.709 7.709-7.709c4.25 0 7.708 3.458 7.708 7.709s-3.457 7.709-7.708 7.709zM224 157.785h-14.896c-3.104-8.848-11.541-15.209-21.436-15.209s-18.332 6.361-21.437 15.209H70.103c-3.104-8.848-11.542-15.209-21.437-15.209s-18.332 6.361-21.437 15.209H15V66.006h148.288l35.321 43.009c.405.493.87.932 1.386 1.307L224 127.771v30.014z\"><\/path><path d=\"M162.469 75.551a7.501 7.501 0 0 0-13.296 4.76v25.766a7.5 7.5 0 0 0 7.5 7.5h21.18a7.5 7.5 0 0 0 5.479-12.622l-20.863-25.404z\"><\/path><\/svg><\/span><\/div>\n\n<\/div>\n<\/div><\/div>\n<\/div>\n<\/section>\n\n<section class=\"gb-container gb-container-4524fa58\">\n<div class=\"gb-container gb-container-ecc87b2f\"><\/div>\n<\/section>\n\n<section class=\"gb-container gb-container-e948d744\">\n<div class=\"gb-container gb-container-f9fcf570\">\n<div class=\"gb-container gb-container-d9d06512\">\n\n<h2 class=\"gb-headline gb-headline-cdebd202 gb-headline-text\">\u00d6zen\u00e7 Oto Kurtarma<\/h2>\n\n\n\n<p class=\"gb-headline gb-headline-567b4d61 gb-headline-text\">Bir Telefon Uza\u011f\u0131n\u0131zda&#8230;<\/p>\n\n<\/div>\n\n<div class=\"gb-container gb-container-ecf77f5d\">\n\n<a class=\"gb-button gb-button-25e5b4c4 gb-button-text\" href=\"tel:05059199597\">\u0130leti\u015fim <\/a>\n\n<\/div>\n<\/div>\n<\/section>\n\n<section class=\"gb-container gb-container-3d11138c\">\n\n<h2 class=\"gb-headline gb-headline-e86a8e24\"><span class=\"gb-icon\"><svg aria-hidden=\"true\" role=\"img\" height=\"1em\" width=\"1em\" viewBox=\"0 0 256 512\" xmlns=\"http:\/\/www.w3.org\/2000\/svg\"><path fill=\"currentColor\" d=\"M224.3 273l-136 136c-9.4 9.4-24.6 9.4-33.9 0l-22.6-22.6c-9.4-9.4-9.4-24.6 0-33.9l96.4-96.4-96.4-96.4c-9.4-9.4-9.4-24.6 0-33.9L54.3 103c9.4-9.4 24.6-9.4 33.9 0l136 136c9.5 9.4 9.5 24.6.1 34z\"><\/path><\/svg><\/span><span class=\"gb-headline-text\">Haritam\u0131z<\/span><\/h2>\n\n\n\n<h2 class=\"gb-headline gb-headline-cfa308ba gb-headline-text\">Yard\u0131ma Haz\u0131r\u0131z<\/h2>\n\n\n\n<h3 class=\"gb-headline gb-headline-fbc413c0 gb-headline-text\">&lt;-&gt;<\/h3>\n\n<\/section>\n\n<section class=\"gb-container gb-container-293a2755\">\n<div class=\"gb-container gb-container-e49b211c\">\n\n<h2 class=\"gb-headline gb-headline-400a09d2 gb-headline-text\">\u00d6zen\u00e7 Oto Kurtarma<\/h2>\n\n\n\n<p class=\"gb-headline gb-headline-97c27cea gb-headline-text\">Y\u0131llard\u0131r Yan\u0131n\u0131zday\u0131z&#8230;<\/p>\n\n\n<div class=\"gb-grid-wrapper gb-grid-wrapper-4bf95d93\">\n<div class=\"gb-grid-column gb-grid-column-98dc1e4c\"><div class=\"gb-container gb-container-98dc1e4c box-shadow\">\n\n<h4 class=\"gb-headline gb-headline-e5f86036 gb-headline-text\">Oto Kurtarma<\/h4>\n\n\n\n<h3 class=\"gb-headline gb-headline-2ed676e0 gb-headline-text\">S\u0131n\u0131rs\u0131z hizmet<\/h3>\n\n\n\n<p class=\"gb-headline gb-headline-4f7a1660 gb-headline-text\"><a href=\"https:\/\/ozencotokurtarma.com\/\">Oto kurtarma<\/a> hizmeti, ara\u00e7lar\u0131n\u0131z\u0131n yolda kald\u0131\u011f\u0131 anlarda g\u00fcvenli\u011fi sa\u011flar. Acil durumlarda h\u0131zl\u0131 ve profesyonel \u00e7\u00f6z\u00fcmler sunar.<\/p>\n\n<\/div><\/div>\n\n<div class=\"gb-grid-column gb-grid-column-1b0941de\"><div class=\"gb-container gb-container-1b0941de box-shadow\">\n\n<h3 class=\"gb-headline gb-headline-4e5ca7c6 gb-headline-text\">Oto \u00c7ekici<\/h3>\n\n\n\n<h4 class=\"gb-headline gb-headline-e83d143c gb-headline-text\">500+<\/h4>\n\n\n\n<p class=\"gb-headline gb-headline-ecbb6451 gb-headline-text\"><a href=\"https:\/\/ozencotokurtarma.com\/\">Oto \u00e7ekici<\/a>, ar\u0131zal\u0131 veya kaza yapm\u0131\u015f ara\u00e7lar\u0131 ta\u015f\u0131mak i\u00e7in kullan\u0131lan \u00f6zel bir ara\u00e7t\u0131r. Oto \u00e7ekiciler, yol kenar\u0131nda kalan ara\u00e7lar\u0131n g\u00fcvenli bir \u015fekilde nakledilmesini sa\u011flar.<\/p>\n\n<\/div><\/div>\n\n<div class=\"gb-grid-column gb-grid-column-cab2a071\"><div class=\"gb-container gb-container-cab2a071 box-shadow\">\n\n<h3 class=\"gb-headline gb-headline-b2d9ae1b gb-headline-text\">Mudanya Ve \u00e7evresi<\/h3>\n\n\n\n<h4 class=\"gb-headline gb-headline-be130034 gb-headline-text\">24\/7<\/h4>\n\n\n\n<p class=\"gb-headline gb-headline-56449c63 gb-headline-text\"><a href=\"https:\/\/ozencotokurtarma.com\/\">Mudanya ve \u00e7evresinde oto \u00e7ekici<\/a>lik hizmeti sunan profesyonel bir firma ar\u0131yorsan\u0131z, \u00f6zen\u00e7 oto kurtarma ile ileti\u015fime ge\u00e7ebilirsiniz<\/p>\n\n<\/div><\/div>\n<\/div>\n<\/div>\n<\/section>","protected":false},"excerpt":{"rendered":"<p>\u00d6zen\u00e7 Oto Kurtarma Bir Telefon Uza\u011f\u0131n\u0131zda&#8230; Haritam\u0131z Yard\u0131ma Haz\u0131r\u0131z &lt;-&gt; \u00d6zen\u00e7 Oto Kurtarma Y\u0131llard\u0131r Yan\u0131n\u0131zday\u0131z&#8230;<\/p>\n","protected":false},"author":1,"featured_media":359,"parent":0,"menu_order":0,"comment_status":"closed","ping_status":"closed","template":"","meta":{"footnotes":""},"class_list":["post-65","page","type-page","status-publish","has-post-thumbnail"],"yoast_head":"<!-- This site is optimized with the Yoast SEO plugin v23.1 - https:\/\/yoast.com\/wordpress\/plugins\/seo\/ -->\n<title>Hakk\u0131m\u0131zda - MUDANYA \u00d6ZEN\u00c7 OTO KURTARMA<\/title>\n<meta name=\"description\" content=\"\u00d6zen\u00e7 Oto Kurtarma, Bursa merkezli g\u00fcvenilir bir oto kurtarma ve \u00e7ekici hizmetleri sa\u011flay\u0131c\u0131s\u0131d\u0131r. Profesyonel ekip ve geni\u015f ara\u00e7 filosuyla 7\/24 hizmet sunuyoruz.\" \/>\n<meta name=\"robots\" content=\"index, follow, max-snippet:-1, max-image-preview:large, max-video-preview:-1\" \/>\n<link rel=\"canonical\" href=\"https:\/\/ozencotokurtarma.com\/index.php\/hakkimizda\/\" \/>\n<meta property=\"og:locale\" content=\"tr_TR\" \/>\n<meta property=\"og:type\" content=\"article\" \/>\n<meta property=\"og:title\" content=\"Hakk\u0131m\u0131zda - MUDANYA \u00d6ZEN\u00c7 OTO KURTARMA\" \/>\n<meta property=\"og:description\" content=\"\u00d6zen\u00e7 Oto Kurtarma, Bursa merkezli g\u00fcvenilir bir oto kurtarma ve \u00e7ekici hizmetleri sa\u011flay\u0131c\u0131s\u0131d\u0131r. Profesyonel ekip ve geni\u015f ara\u00e7 filosuyla 7\/24 hizmet sunuyoruz.\" \/>\n<meta property=\"og:url\" content=\"https:\/\/ozencotokurtarma.com\/index.php\/hakkimizda\/\" \/>\n<meta property=\"og:site_name\" content=\"MUDANYA \u00d6ZEN\u00c7 OTO KURTARMA\" \/>\n<meta property=\"article:modified_time\" content=\"2024-02-15T19:48:45+00:00\" \/>\n<meta property=\"og:image\" content=\"https:\/\/ozencotokurtarma.com\/wp-content\/uploads\/2022\/06\/alex-kotliarskyi-QBpZGqEMsKg-unsplash.jpg\" \/>\n\t<meta property=\"og:image:width\" content=\"1920\" \/>\n\t<meta property=\"og:image:height\" content=\"1280\" \/>\n\t<meta property=\"og:image:type\" content=\"image\/jpeg\" \/>\n<meta name=\"twitter:card\" content=\"summary_large_image\" \/>\n<meta name=\"twitter:label1\" content=\"Tahmini okuma s\u00fcresi\" \/>\n\t<meta name=\"twitter:data1\" content=\"2 dakika\" \/>\n<script type=\"application\/ld+json\" class=\"yoast-schema-graph\">{\"@context\":\"https:\/\/schema.org\",\"@graph\":[{\"@type\":\"WebPage\",\"@id\":\"https:\/\/ozencotokurtarma.com\/index.php\/hakkimizda\/\",\"url\":\"https:\/\/ozencotokurtarma.com\/index.php\/hakkimizda\/\",\"name\":\"Hakk\u0131m\u0131zda - MUDANYA \u00d6ZEN\u00c7 OTO KURTARMA\",\"isPartOf\":{\"@id\":\"https:\/\/ozencotokurtarma.com\/#website\"},\"primaryImageOfPage\":{\"@id\":\"https:\/\/ozencotokurtarma.com\/index.php\/hakkimizda\/#primaryimage\"},\"image\":{\"@id\":\"https:\/\/ozencotokurtarma.com\/index.php\/hakkimizda\/#primaryimage\"},\"thumbnailUrl\":\"https:\/\/ozencotokurtarma.com\/wp-content\/uploads\/2022\/06\/alex-kotliarskyi-QBpZGqEMsKg-unsplash.jpg\",\"datePublished\":\"2022-06-11T21:38:31+00:00\",\"dateModified\":\"2024-02-15T19:48:45+00:00\",\"description\":\"\u00d6zen\u00e7 Oto Kurtarma, Bursa merkezli g\u00fcvenilir bir oto kurtarma ve \u00e7ekici hizmetleri sa\u011flay\u0131c\u0131s\u0131d\u0131r. Profesyonel ekip ve geni\u015f ara\u00e7 filosuyla 7\/24 hizmet sunuyoruz.\",\"breadcrumb\":{\"@id\":\"https:\/\/ozencotokurtarma.com\/index.php\/hakkimizda\/#breadcrumb\"},\"inLanguage\":\"tr\",\"potentialAction\":[{\"@type\":\"ReadAction\",\"target\":[\"https:\/\/ozencotokurtarma.com\/index.php\/hakkimizda\/\"]}]},{\"@type\":\"ImageObject\",\"inLanguage\":\"tr\",\"@id\":\"https:\/\/ozencotokurtarma.com\/index.php\/hakkimizda\/#primaryimage\",\"url\":\"https:\/\/ozencotokurtarma.com\/wp-content\/uploads\/2022\/06\/alex-kotliarskyi-QBpZGqEMsKg-unsplash.jpg\",\"contentUrl\":\"https:\/\/ozencotokurtarma.com\/wp-content\/uploads\/2022\/06\/alex-kotliarskyi-QBpZGqEMsKg-unsplash.jpg\",\"width\":1920,\"height\":1280},{\"@type\":\"BreadcrumbList\",\"@id\":\"https:\/\/ozencotokurtarma.com\/index.php\/hakkimizda\/#breadcrumb\",\"itemListElement\":[{\"@type\":\"ListItem\",\"position\":1,\"name\":\"Anasayfa\",\"item\":\"https:\/\/ozencotokurtarma.com\/\"},{\"@type\":\"ListItem\",\"position\":2,\"name\":\"Hakk\u0131m\u0131zda\"}]},{\"@type\":\"WebSite\",\"@id\":\"https:\/\/ozencotokurtarma.com\/#website\",\"url\":\"https:\/\/ozencotokurtarma.com\/\",\"name\":\"MUDANYA \u00d6ZEN\u00c7 OTO KURTARMA\",\"description\":\"Mudanya Oto Kurtarma\",\"publisher\":{\"@id\":\"https:\/\/ozencotokurtarma.com\/#organization\"},\"potentialAction\":[{\"@type\":\"SearchAction\",\"target\":{\"@type\":\"EntryPoint\",\"urlTemplate\":\"https:\/\/ozencotokurtarma.com\/?s={search_term_string}\"},\"query-input\":\"required name=search_term_string\"}],\"inLanguage\":\"tr\"},{\"@type\":\"Organization\",\"@id\":\"https:\/\/ozencotokurtarma.com\/#organization\",\"name\":\"MUDANYA \u00d6ZEN\u00c7 OTO KURTARMA\",\"url\":\"https:\/\/ozencotokurtarma.com\/\",\"logo\":{\"@type\":\"ImageObject\",\"inLanguage\":\"tr\",\"@id\":\"https:\/\/ozencotokurtarma.com\/#\/schema\/logo\/image\/\",\"url\":\"https:\/\/ozencotokurtarma.com\/wp-content\/uploads\/2024\/02\/oto-logo.png\",\"contentUrl\":\"https:\/\/ozencotokurtarma.com\/wp-content\/uploads\/2024\/02\/oto-logo.png\",\"width\":3000,\"height\":2250,\"caption\":\"MUDANYA \u00d6ZEN\u00c7 OTO KURTARMA\"},\"image\":{\"@id\":\"https:\/\/ozencotokurtarma.com\/#\/schema\/logo\/image\/\"}}]}<\/script>\n<!-- \/ Yoast SEO plugin. -->","yoast_head_json":{"title":"Hakk\u0131m\u0131zda - MUDANYA \u00d6ZEN\u00c7 OTO KURTARMA","description":"\u00d6zen\u00e7 Oto Kurtarma, Bursa merkezli g\u00fcvenilir bir oto kurtarma ve \u00e7ekici hizmetleri sa\u011flay\u0131c\u0131s\u0131d\u0131r. Profesyonel ekip ve geni\u015f ara\u00e7 filosuyla 7\/24 hizmet sunuyoruz.","robots":{"index":"index","follow":"follow","max-snippet":"max-snippet:-1","max-image-preview":"max-image-preview:large","max-video-preview":"max-video-preview:-1"},"canonical":"https:\/\/ozencotokurtarma.com\/index.php\/hakkimizda\/","og_locale":"tr_TR","og_type":"article","og_title":"Hakk\u0131m\u0131zda - MUDANYA \u00d6ZEN\u00c7 OTO KURTARMA","og_description":"\u00d6zen\u00e7 Oto Kurtarma, Bursa merkezli g\u00fcvenilir bir oto kurtarma ve \u00e7ekici hizmetleri sa\u011flay\u0131c\u0131s\u0131d\u0131r. Profesyonel ekip ve geni\u015f ara\u00e7 filosuyla 7\/24 hizmet sunuyoruz.","og_url":"https:\/\/ozencotokurtarma.com\/index.php\/hakkimizda\/","og_site_name":"MUDANYA \u00d6ZEN\u00c7 OTO KURTARMA","article_modified_time":"2024-02-15T19:48:45+00:00","og_image":[{"width":1920,"height":1280,"url":"https:\/\/ozencotokurtarma.com\/wp-content\/uploads\/2022\/06\/alex-kotliarskyi-QBpZGqEMsKg-unsplash.jpg","type":"image\/jpeg"}],"twitter_card":"summary_large_image","twitter_misc":{"Tahmini okuma s\u00fcresi":"2 dakika"},"schema":{"@context":"https:\/\/schema.org","@graph":[{"@type":"WebPage","@id":"https:\/\/ozencotokurtarma.com\/index.php\/hakkimizda\/","url":"https:\/\/ozencotokurtarma.com\/index.php\/hakkimizda\/","name":"Hakk\u0131m\u0131zda - MUDANYA \u00d6ZEN\u00c7 OTO KURTARMA","isPartOf":{"@id":"https:\/\/ozencotokurtarma.com\/#website"},"primaryImageOfPage":{"@id":"https:\/\/ozencotokurtarma.com\/index.php\/hakkimizda\/#primaryimage"},"image":{"@id":"https:\/\/ozencotokurtarma.com\/index.php\/hakkimizda\/#primaryimage"},"thumbnailUrl":"https:\/\/ozencotokurtarma.com\/wp-content\/uploads\/2022\/06\/alex-kotliarskyi-QBpZGqEMsKg-unsplash.jpg","datePublished":"2022-06-11T21:38:31+00:00","dateModified":"2024-02-15T19:48:45+00:00","description":"\u00d6zen\u00e7 Oto Kurtarma, Bursa merkezli g\u00fcvenilir bir oto kurtarma ve \u00e7ekici hizmetleri sa\u011flay\u0131c\u0131s\u0131d\u0131r. Profesyonel ekip ve geni\u015f ara\u00e7 filosuyla 7\/24 hizmet sunuyoruz.","breadcrumb":{"@id":"https:\/\/ozencotokurtarma.com\/index.php\/hakkimizda\/#breadcrumb"},"inLanguage":"tr","potentialAction":[{"@type":"ReadAction","target":["https:\/\/ozencotokurtarma.com\/index.php\/hakkimizda\/"]}]},{"@type":"ImageObject","inLanguage":"tr","@id":"https:\/\/ozencotokurtarma.com\/index.php\/hakkimizda\/#primaryimage","url":"https:\/\/ozencotokurtarma.com\/wp-content\/uploads\/2022\/06\/alex-kotliarskyi-QBpZGqEMsKg-unsplash.jpg","contentUrl":"https:\/\/ozencotokurtarma.com\/wp-content\/uploads\/2022\/06\/alex-kotliarskyi-QBpZGqEMsKg-unsplash.jpg","width":1920,"height":1280},{"@type":"BreadcrumbList","@id":"https:\/\/ozencotokurtarma.com\/index.php\/hakkimizda\/#breadcrumb","itemListElement":[{"@type":"ListItem","position":1,"name":"Anasayfa","item":"https:\/\/ozencotokurtarma.com\/"},{"@type":"ListItem","position":2,"name":"Hakk\u0131m\u0131zda"}]},{"@type":"WebSite","@id":"https:\/\/ozencotokurtarma.com\/#website","url":"https:\/\/ozencotokurtarma.com\/","name":"MUDANYA \u00d6ZEN\u00c7 OTO KURTARMA","description":"Mudanya Oto Kurtarma","publisher":{"@id":"https:\/\/ozencotokurtarma.com\/#organization"},"potentialAction":[{"@type":"SearchAction","target":{"@type":"EntryPoint","urlTemplate":"https:\/\/ozencotokurtarma.com\/?s={search_term_string}"},"query-input":"required name=search_term_string"}],"inLanguage":"tr"},{"@type":"Organization","@id":"https:\/\/ozencotokurtarma.com\/#organization","name":"MUDANYA \u00d6ZEN\u00c7 OTO KURTARMA","url":"https:\/\/ozencotokurtarma.com\/","logo":{"@type":"ImageObject","inLanguage":"tr","@id":"https:\/\/ozencotokurtarma.com\/#\/schema\/logo\/image\/","url":"https:\/\/ozencotokurtarma.com\/wp-content\/uploads\/2024\/02\/oto-logo.png","contentUrl":"https:\/\/ozencotokurtarma.com\/wp-content\/uploads\/2024\/02\/oto-logo.png","width":3000,"height":2250,"caption":"MUDANYA \u00d6ZEN\u00c7 OTO KURTARMA"},"image":{"@id":"https:\/\/ozencotokurtarma.com\/#\/schema\/logo\/image\/"}}]}},"_links":{"self":[{"href":"https:\/\/ozencotokurtarma.com\/index.php\/wp-json\/wp\/v2\/pages\/65","targetHints":{"allow":["GET"]}}],"collection":[{"href":"https:\/\/ozencotokurtarma.com\/index.php\/wp-json\/wp\/v2\/pages"}],"about":[{"href":"https:\/\/ozencotokurtarma.com\/index.php\/wp-json\/wp\/v2\/types\/page"}],"author":[{"embeddable":true,"href":"https:\/\/ozencotokurtarma.com\/index.php\/wp-json\/wp\/v2\/users\/1"}],"replies":[{"embeddable":true,"href":"https:\/\/ozencotokurtarma.com\/index.php\/wp-json\/wp\/v2\/comments?post=65"}],"version-history":[{"count":4,"href":"https:\/\/ozencotokurtarma.com\/index.php\/wp-json\/wp\/v2\/pages\/65\/revisions"}],"predecessor-version":[{"id":1436,"href":"https:\/\/ozencotokurtarma.com\/index.php\/wp-json\/wp\/v2\/pages\/65\/revisions\/1436"}],"wp:featuredmedia":[{"embeddable":true,"href":"https:\/\/ozencotokurtarma.com\/index.php\/wp-json\/wp\/v2\/media\/359"}],"wp:attachment":[{"href":"https:\/\/ozencotokurtarma.com\/index.php\/wp-json\/wp\/v2\/media?parent=65"}],"curies":[{"name":"wp","href":"https:\/\/api.w.org\/{rel}","templated":true}]}}